01111?
-111110101001110
In base 8, what is 21 + 25675?
25716
In base 8, what is 1002 + 13631?
14633
In base 15, what is -7 - -e6c?
e65
In base 8, what is -16202025 - 3?
-16202030
In base 8, what is -137221 + 5?
-137214
In base 2, what is 1 - -1001100?
1001101
In base 3, what is -1 - -20210002101?
20210002100
In base 6, what is 31152 + -25?
31123
In base 6, what is 1113201 + -2?
1113155
In base 7, what is 66 - 3315?
-3216
In base 13, what is 17b + 2ba?
468
In base 8, what is -101306 - 20?
-101326
In base 6, what is 2111 - -530?
3041
In base 4, what is -12 + -233032?
-233110
In base 14, what is a - 2726?
-271a
In base 5, what is -2212440 + -23?
-2213013
In base 3, what is -1200200110212 + 0?
-1200200110212
In base 15, what is -40565 + -5?
-4056a
In base 3, what is 222002002202 + 12?
222002002221
In base 15, what is a8 - -321?
3c9
In base 15, what is 2ea + 212?
50c
In base 3, what is 11212010 - 10200?
11201110
In base 4, what is -100 - -132332331?
132332231
In base 14, what is -38 + -1223?
-125b
In base 9, what is 14 + -313?
-288
In base 8, what is -13 + -3725?
-3740
In base 6, what is 303211 - -322?
303533
In base 16, what is -1f8 - -75?
-183
In base 4, what is 32020 - 21?
31333
In base 14, what is 240 - 20?
220
In base 14, what is c4 + -36b?
-287
In base 9, what is -21850 + 41?
-21808
In base 7, what is 4 - 44210?
-44203
In base 2, what is -1000101 + -100001001110?
-100010010011
In base 15, what is -20b13a + 3?
-20b137
In base 15, what is -72c7 - 2?
-72c9
In base 12, what is 66 + -32?
34
In base 14, what is 9 - -1bd8?
1c03
In base 15, what is 58c - -6?
593
In base 9, what is -6074 - 70?
-6154
In base 4, what is -2 - -1133013003?
1133013001
In base 14, what is 5 + 16052d?
160534
In base 8, what is -356 - -2?
-354
In base 5, what is 21041113 + -3?
21041110
In base 7, what is -1 - 126003?
-126004
In base 12, what is -111a8 + -11?
-111b9
In base 2, what is -1011101100000 + -1000011?
-1011110100011
In base 15, what is e8 + -94a?
-852
In base 12, what is -330 - 4640?
-4970
In base 11, what is 36 + 40220?
40256
In base 12, what is -248a - 209?
-2697
In base 6, what is 51 + -22512?
-22421
In base 7, what is 135151 - 2?
135146
In base 4, what is -21211231310 - -1?
-21211231303
In base 13, what is 3acb0 - -4?
3acb4
In base 5, what is 2244 - 3314?
-1020
In base 13, what is -202703 + -1?
-202704
In base 13, what is 471 - -27?
498
In base 9, what is -10630 - -150?
-10470
In base 2, what is -1101000110 + -11110010110?
-101011011100
In base 4, what is -11 - -10003023?
10003012
In base 2, what is 1111010100010110 - 1000?
1111010100001110
In base 8, what is 1221 - -576?
2017
In base 8, what is 3652 - -204?
4056
In base 14, what is -c + -812?
-820
In base 14, what is d196 - -b?
d1a3
In base 12, what is 16 + 1524?
153a
In base 8, what is 553 - -34152?
34725
In base 5, what is -10141312 + 40?
-10141222
In base 9, what is 54633 - 0?
54633
In base 10, what is 1 - 85560?
-85559
In base 15, what is -2 + 4170?
416d
In base 5, what is 103414 - -40?
104004
In base 3, what is -220020120 - -1000?
-220012120
In base 4, what is 13131 - -10120?
23311
In base 10, what is -108564 - -8?
-108556
In base 13, what is -6919 + c?
-690a
In base 16, what is -197f - c?
-198b
In base 6, what is -45 + 154?
105
In base 15, what is -3332 - -67?
-32ba
In base 3, what is -12 - 21100110?
-21100122
In base 8, what is -203 - 614?
-1017
In base 2, what is 10 + -11010001101101111?
-11010001101101101
In base 15, what is 5b179 + -7?
5b172
In base 11, what is 66446 - 1?
66445
In base 7, what is 35544 + 206?
36053
In base 7, what is 140403 + 4?
140410
In base 12, what is 0 - 306364?
-306364
In base 15, what is 134 - cb1?
-b7c
In base 10, what is -561 + 927?
366
In base 5, what is 4 + -32130?
-32121
In base 14, what is -2187 - -14?
-2173
In base 6, what is -3 - 353414?
-353421
In base 10, what is -53 + 6572?
6519
In base 6, what is 2010 - -4500?
10510
In base 6, what is 10 - 544450?
-544440
In base 11, what is -aa - -2560?
2461
In base 14, what is -4 + -11970?
-11974
In base 3, what is -2111102020 + -20?
-2111102110
In base 6, what is -20331 - -53?
-20234
In base 12, what is -21 + -174ba?
-1751b
In base 14, what is -11a572 - -8?
-11a568
In base 4, what is 3 - -1331222?
1331231
In base 2, what is 11001 - 111001010110111?
-111001010011110
In base 10, what is 150 + -84?
66
In base 14, what is -17d8 - 4?
-17dc
In base 5, what is 13213 - 3310?
4403
In base 2, what is 10 - -11111001000001001111?
11111001000001010001
In base 13, what is -287c71 + -5?
-287c76
In base 13, what is 14 - 5a33?
-5a1c
In base 13, what is 464 - -32?
496
In base 5, what is 202200314 - -4?
202200323
In base 12, what is -13b442 + 1?
-13b441
In base 12, what is 296 - -1330?
1606
In base 16, what is 1 - -3d0f8?
3d0f9
In base 12, what is 2b + 1072a?
10759
In base 3, what is -1101200212 - -1011?
-1101122201
In base 4, what is -212020 - 320?
-213000
In base 7, what is 31 + 112455?
112516
In base 2, what is -10 + 100001011001110?
100001011001100
In base 9, what is 677 - -30?
717
In base 10, what is -8143 - 0?
-8143
In base 10, what is 7936 - 18?
7918
In base 13, what is -4 - -c27b?
c277
In base 15, what is 37 - 2952?
-291a
In base 15, what is -3 - -736?
733
In base 10, what is -5 + -88238?
-88243
In base 15, what is 0 + 2be3a?
2be3a
In base 3, what is -212022 + -120200?
-1102222
In base 16, what is 2526 + 0?
2526
In base 8, what is -63 + -1706?
-1771
In base 3, what is 100200120210 + -2?
100200120201
In base 10, what is 964 - -72?
1036
In base 3, what is -2012111001112 - -11?
-2012111001101
In base 8, what is 524032 - 5?
524025
In base 11, what is 1 - -25?
26
In base 8, what is 3 - -57466?
57471
In base 8, what is 1121 - -1113?
2234
In base 11, what is -163320 - -3?
-163318
In base 5, what is -112 - -2444342?
2444230
In base 4, what is -211101 + -30?
-211131
In base 16, what is -11c8 + 1ac?
-101c
In base 6, what is -421 + -143005?
-143430
In base 12, what is -251 - 70a?
-95b
In base 15, what is -2d9d - -8?
-2d95
In base 12, what is -4 - -217558?
217554
In base 12, what is -3b8 + 0?
-3b8
In base 10, what is 61284 + 3?
61287
In base 9, what is 512 - 715?
-203
In base 4, what is -132 - -103100202?
103100010
In base 9, what is -22 - -387?
365
In base 7, what is -411 + 3522?
3111
In base 8, what is 15651 - -1?
15652
In base 3, what is -1222 + -2222201?
-10001200
In base 14, what is 1b - -b10?
b2b
In base 15, what is -ce + 15?
-b9
In base 13, what is 3c71 + 11?
3c82
In base 3, what is 11 + 10010221221?
10010222002
In base 11, what is -19 + -50118?
-50136
In base 6, what is 5 - 3531052?
-3531043
In base 3, what is -1001011020 - -10?
-1001011010
In base 14, what is -bc - -122?
44
In base 5, what is 24 - 32200?
-32121
In base 10, what is -10 + 1352?
1342
In base 6, what is -310 + -442?
-1152
In base 10, what is 2 + 15551?
15553
In base 7, what is -61 + -2500?
-2561
In base 11, what is 28a339 + 10?
28a349
In base 13, what is 450 + -1348?
-bc8
In base 14, what is -1b7714 + -4?
-1b7718
In base 6, what is 230 - 4012?
-3342
In base 3, what is -100 - 1211122110?
-1211122210
In base 12, what is 3 + 159219?
159220
In base 14, what is -4 + 20672?
2066c
In base 8, what is 3 - 20501?
-20476
In base 12, what is 18860 - 3?
18859
In base 2, what is 1001000 - 10010000101000?
-10001111100000
In base 3, what is 11022 - -200100?
211122
In base 12, what is 180a7 - -a?
180b5
In base 10, what is 5770 + -56?
5714
In base 7, what is -2644 + -20?
-2664
In base 12, what is -4 + 203000?
202bb8
In base 5, what is -22321 + 120?
-22201
In base 11, what is -1 + 7954?
7953
In base 7, what is 5 - 106441?
-106433
In base 15, what is 2 - d897?
-d895
In base 15, what is 2 + -b917?
-b915
In base 9, what is -31 - 56413?
-56444
In base 7, what is 555 + 5052?
5640
In base 4, what is 122230322 + 11?
122230333
In base 16, what is b + 408b6?
408c1
In base 6, what is 1242 + 231?
1513
In base 9, what is 22 - 525213?
-525181
In base 8, what is 5 - -3332550?
3332555
In base 15, what is 35d + 45?
3a3
In base 3, what is 2010 + -10020221112?
-10020212102
In base 7, what is -5 + -551453?
-551461
In base 13, what is -2040c - -2?
-2040a
In base 16, what is 137c9 - -5?
137ce
In base 14, what is -2 + 4323?
4321
In base 11, what is 355038 + 5?
355042
In base 4, what is 1 + -11301300?
-11301233
In bas